{"id":280,"date":"2024-01-21T17:25:31","date_gmt":"2024-01-21T17:25:31","guid":{"rendered":"https:\/\/zonaled.com.mx\/?page_id=280"},"modified":"2024-01-21T18:31:53","modified_gmt":"2024-01-21T18:31:53","slug":"garantia-marvaix","status":"publish","type":"page","link":"https:\/\/zonaled.com.mx\/index.php\/garantia-marvaix\/","title":{"rendered":"Garant\u00eda Marvaix"},"content":{"rendered":"\t\t<div data-elementor-type=\"wp-page\" data-elementor-id=\"280\" class=\"elementor elementor-280\" data-elementor-post-type=\"page\">\n\t\t\t\t<div class=\"elementor-element elementor-element-f05b0f1 e-flex e-con-boxed e-con e-parent\" data-id=\"f05b0f1\" data-element_type=\"container\" data-e-type=\"container\">\n\t\t\t\t\t<div class=\"e-con-inner\">\n\t\t\t\t<div class=\"elementor-element elementor-element-fe78a84 elementor-widget elementor-widget-heading\" data-id=\"fe78a84\" data-element_type=\"widget\" data-e-type=\"widget\" data-widget_type=\"heading.default\">\n\t\t\t\t<div class=\"elementor-widget-container\">\n\t\t\t\t\t<h2 class=\"elementor-heading-title elementor-size-default\">Garant\u00eda Marvaix<\/h2>\t\t\t\t<\/div>\n\t\t\t\t<\/div>\n\t\t\t\t<div class=\"elementor-element elementor-element-1820ec2 elementor-widget elementor-widget-text-editor\" data-id=\"1820ec2\" data-element_type=\"widget\" data-e-type=\"widget\" data-widget_type=\"text-editor.default\">\n\t\t\t\t<div class=\"elementor-widget-container\">\n\t\t\t\t\t\t\t\t\t<h4>\u00bfQu\u00e9 te garantizamos?<\/h4><p>Nos preocupamos por brindarte el mejor servicio y la mejor experiencia de compra y env\u00edo de flores y regalos de ocasi\u00f3n. Flores frescas, programaci\u00f3n de env\u00edos, servicio al cliente y garant\u00eda de calidad 100% es nuestro compromiso en todas y cada una de nuestras entregas.<\/p><h4><strong>Flores frescas y de calidad<\/strong><\/h4><p>Nos comprometemos a entregar siempre flores frescas y de la m\u00e1s alta calidad enlas ciudades en las que tenemos cobertura dentro de la Rep\u00fablica Mexicana.<\/p><h4><strong>Programaci\u00f3n de Env\u00edos<\/strong><\/h4><p>Con la ayuda de nuestros talleres y nuestras florer\u00edas afiliadas tenemos los mejores tiempos de entrega en el pa\u00eds. Contamos con la opci\u00f3n de hacer la entrega de tu arreglo el mismo d\u00eda en que lo ordenes o lo puedes agendar para fechas posteriores si as\u00ed lo deseas. \u00a1As\u00ed no olvidar\u00e1s ninguna fecha importante! De la msima manera, podr\u00e1s programar tus recordatorios de fechas especiales, siempre estar\u00e1s presente en los momentos especiales.<\/p><h4><strong>Atenci\u00f3n a clientes<\/strong><\/h4><p>Si requieres atenci\u00f3n personalizada, contactanos por\u00a0<a href=\"https:\/\/api.whatsapp.com\/send\/?phone=+525544500426&amp;text=%C2%A1Hola!,%20necesito%20ayuda\">Whatsapp<\/a>\u00a0en un horario de Lunes a Viernes de 8:00 AM a 8:00 PM y de S\u00e1bado a Domingo de 8:00 AM a 6:00 PM.<\/p><h4><strong>Garant\u00eda de Calidad EnviaFlores<\/strong><\/h4><p>En caso de que tu arreglo o regalo llegue da\u00f1ado o incompleto cont\u00e1ctanos lo antes posible haci\u00e9ndonos llegar fotograf\u00edas que muestren la inconformidad.<br \/>Es importante que esta informaci\u00f3n nos llegue lo m\u00e1s pronto posible despu\u00e9s de que se haya entregado el producto.<\/p><p>Si deseas reportar un pedido da click\u00a0<a href=\"https:\/\/www.enviaflores.com\/faqs\/#no-obtuve-la-calidad-esperada\">aqu\u00ed<\/a>.<\/p>\t\t\t\t\t\t\t\t<\/div>\n\t\t\t\t<\/div>\n\t\t\t\t<div class=\"elementor-element elementor-element-4955395 elementor-widget elementor-widget-spacer\" data-id=\"4955395\" data-element_type=\"widget\" data-e-type=\"widget\" data-widget_type=\"spacer.default\">\n\t\t\t\t<div class=\"elementor-widget-container\">\n\t\t\t\t\t\t\t<div class=\"elementor-spacer\">\n\t\t\t<div class=\"elementor-spacer-inner\"><\/div>\n\t\t<\/div>\n\t\t\t\t\t\t<\/div>\n\t\t\t\t<\/div>\n\t\t\t\t\t<\/div>\n\t\t\t\t<\/div>\n\t\t\t\t<\/div>\n\t\t","protected":false},"excerpt":{"rendered":"<p>Garant\u00eda Marvaix \u00bfQu\u00e9 te garantizamos? Nos preocupamos por brindarte el mejor servicio y la mejor experiencia de compra y env\u00edo [&hellip;]<\/p>\n","protected":false},"author":1,"featured_media":0,"parent":0,"menu_order":0,"comment_status":"closed","ping_status":"closed","template":"","meta":{"site-sidebar-layout":"no-sidebar","site-content-layout":"","ast-site-content-layout":"full-width-container","site-content-style":"default","site-sidebar-style":"default","ast-global-header-display":"","ast-banner-title-visibility":"","ast-main-header-display":"","ast-hfb-above-header-display":"","ast-hfb-below-header-display":"","ast-hfb-mobile-header-display":"","site-post-title":"disabled","ast-breadcrumbs-content":"","ast-featured-img":"disabled","footer-sml-layout":"","ast-disable-related-posts":"","theme-transparent-header-meta":"","adv-header-id-meta":"","stick-header-meta":"","header-above-stick-meta":"","header-main-stick-meta":"","header-below-stick-meta":"","astra-migrate-meta-layouts":"default","ast-page-background-enabled":"default","ast-page-background-meta":{"desktop":{"background-color":"var(--ast-global-color-4)","background-image":"","background-repeat":"repeat","background-position":"center center","background-size":"auto","background-attachment":"scroll","background-type":"","background-media":"","overlay-type":"","overlay-color":"","overlay-opacity":"","overlay-gradient":""},"tablet":{"background-color":"","background-image":"","background-repeat":"repeat","background-position":"center center","background-size":"auto","background-attachment":"scroll","background-type":"","background-media":"","overlay-type":"","overlay-color":"","overlay-opacity":"","overlay-gradient":""},"mobile":{"background-color":"","background-image":"","background-repeat":"repeat","background-position":"center center","background-size":"auto","background-attachment":"scroll","background-type":"","background-media":"","overlay-type":"","overlay-color":"","overlay-opacity":"","overlay-gradient":""}},"ast-content-background-meta":{"desktop":{"background-color":"var(--ast-global-color-5)","background-image":"","background-repeat":"repeat","background-position":"center center","background-size":"auto","background-attachment":"scroll","background-type":"","background-media":"","overlay-type":"","overlay-color":"","overlay-opacity":"","overlay-gradient":""},"tablet":{"background-color":"var(--ast-global-color-5)","background-image":"","background-repeat":"repeat","background-position":"center center","background-size":"auto","background-attachment":"scroll","background-type":"","background-media":"","overlay-type":"","overlay-color":"","overlay-opacity":"","overlay-gradient":""},"mobile":{"background-color":"var(--ast-global-color-5)","background-image":"","background-repeat":"repeat","background-position":"center center","background-size":"auto","background-attachment":"scroll","background-type":"","background-media":"","overlay-type":"","overlay-color":"","overlay-opacity":"","overlay-gradient":""}},"_joinchat":[],"footnotes":""},"class_list":["post-280","page","type-page","status-publish","hentry"],"_links":{"self":[{"href":"https:\/\/zonaled.com.mx\/index.php\/wp-json\/wp\/v2\/pages\/280","targetHints":{"allow":["GET"]}}],"collection":[{"href":"https:\/\/zonaled.com.mx\/index.php\/wp-json\/wp\/v2\/pages"}],"about":[{"href":"https:\/\/zonaled.com.mx\/index.php\/wp-json\/wp\/v2\/types\/page"}],"author":[{"embeddable":true,"href":"https:\/\/zonaled.com.mx\/index.php\/wp-json\/wp\/v2\/users\/1"}],"replies":[{"embeddable":true,"href":"https:\/\/zonaled.com.mx\/index.php\/wp-json\/wp\/v2\/comments?post=280"}],"version-history":[{"count":7,"href":"https:\/\/zonaled.com.mx\/index.php\/wp-json\/wp\/v2\/pages\/280\/revisions"}],"predecessor-version":[{"id":420,"href":"https:\/\/zonaled.com.mx\/index.php\/wp-json\/wp\/v2\/pages\/280\/revisions\/420"}],"wp:attachment":[{"href":"https:\/\/zonaled.com.mx\/index.php\/wp-json\/wp\/v2\/media?parent=280"}],"curies":[{"name":"wp","href":"https:\/\/api.w.org\/{rel}","templated":true}]}}